{"id":615,"date":"2026-02-10T19:15:09","date_gmt":"2026-02-10T22:15:09","guid":{"rendered":"https:\/\/verdadesocultasdabiblia.com.br\/?page_id=615"},"modified":"2026-02-13T12:51:43","modified_gmt":"2026-02-13T15:51:43","slug":"artigos-pesquisas-e-estudos","status":"publish","type":"page","link":"https:\/\/verdadesocultasdabiblia.com.br\/?page_id=615","title":{"rendered":"Artigos, Pesquisas e Estudos"},"content":{"rendered":"\n<div class=\"wp-block-query is-layout-flow wp-block-query-is-layout-flow\"><ul class=\"columns-3 wp-block-post-template is-layout-grid wp-container-core-post-template-is-layout-6d3fbd8f wp-block-post-template-is-layout-grid\"><li class=\"wp-block-post post-1293 post type-post status-publish format-standard has-post-thumbnail hentry category-artigos tag-arqueologia-biblica tag-critica-historica-da-biblia tag-el-e-asherah tag-estela-de-mesa tag-historia-de-israel-antigo tag-inscricoes-egipcias tag-kuntillet-ajrud tag-levante-antigo tag-monoteismo tag-origem-de-deus-biblico tag-politeismo-israelita tag-religiao-cananeia tag-yahweh\">\n\n<div class=\"wp-block-group is-layout-grid wp-container-core-group-is-layout-72711bf1 wp-block-group-is-layout-grid\" style=\"margin-top:0;margin-bottom:0;padding-top:20px;padding-right:20px;padding-bottom:20px;padding-left:20px\"><figure class=\"wp-block-post-featured-image\"><a href=\"https:\/\/verdadesocultasdabiblia.com.br\/?p=1293\" target=\"_self\"  ><img loading=\"lazy\" decoding=\"async\" width=\"1536\" height=\"1024\" src=\"https:\/\/verdadesocultasdabiblia.com.br\/wp-content\/uploads\/2026\/04\/A-Origem-de-Yahweh-Evidencias-Arqueologicas-e-o-Surgimento-do-Deus-de-Israel.png\" class=\"attachment-post-thumbnail size-post-thumbnail wp-post-image\" alt=\"A Origem de Yahweh: Evid\u00eancias Arqueol\u00f3gicas e o Surgimento do Deus de Israel\" style=\"object-fit:cover;\" srcset=\"https:\/\/verdadesocultasdabiblia.com.br\/wp-content\/uploads\/2026\/04\/A-Origem-de-Yahweh-Evidencias-Arqueologicas-e-o-Surgimento-do-Deus-de-Israel.png 1536w, https:\/\/verdadesocultasdabiblia.com.br\/wp-content\/uploads\/2026\/04\/A-Origem-de-Yahweh-Evidencias-Arqueologicas-e-o-Surgimento-do-Deus-de-Israel-300x200.png 300w, https:\/\/verdadesocultasdabiblia.com.br\/wp-content\/uploads\/2026\/04\/A-Origem-de-Yahweh-Evidencias-Arqueologicas-e-o-Surgimento-do-Deus-de-Israel-1024x683.png 1024w, https:\/\/verdadesocultasdabiblia.com.br\/wp-content\/uploads\/2026\/04\/A-Origem-de-Yahweh-Evidencias-Arqueologicas-e-o-Surgimento-do-Deus-de-Israel-768x512.png 768w\" sizes=\"(max-width: 1536px) 100vw, 1536px\" \/><\/a><\/figure>\n\n<h5 class=\"has-text-align-center wp-block-post-title\"><a href=\"https:\/\/verdadesocultasdabiblia.com.br\/?p=1293\" target=\"_self\" >A Origem de Yahweh: Evid\u00eancias Arqueol\u00f3gicas e o Surgimento do Deus de Israel<\/a><\/h5>\n\n\n\n<\/div>\n\n<\/li><li class=\"wp-block-post post-1279 post type-post status-publish format-standard has-post-thumbnail hentry category-artigos tag-babilonia tag-cidade-de-tiro tag-critica-textual-biblica tag-egito tag-historia-do-texto-biblico tag-livro-do-profeta-ezequiel tag-manuscritos-do-mar-morto tag-nabucodonosor tag-profecias-biblicas tag-qumran tag-septuaginta tag-teologia-do-antigo-israel tag-texto-massoretico tag-yahweh\">\n\n<div class=\"wp-block-group is-layout-grid wp-container-core-group-is-layout-72711bf1 wp-block-group-is-layout-grid\" style=\"margin-top:0;margin-bottom:0;padding-top:20px;padding-right:20px;padding-bottom:20px;padding-left:20px\"><figure class=\"wp-block-post-featured-image\"><a href=\"https:\/\/verdadesocultasdabiblia.com.br\/?p=1279\" target=\"_self\"  ><img loading=\"lazy\" decoding=\"async\" width=\"1536\" height=\"1024\" src=\"https:\/\/verdadesocultasdabiblia.com.br\/wp-content\/uploads\/2026\/04\/A-Profecia-que-Falhou-Tiro-Nabucodonosor-e-as-Camadas-Redacionais-em-Ezequiel.png\" class=\"attachment-post-thumbnail size-post-thumbnail wp-post-image\" alt=\"A Profecia que Falhou: Tiro, Nabucodonosor e as Camadas Redacionais em Ezequiel\" style=\"object-fit:cover;\" srcset=\"https:\/\/verdadesocultasdabiblia.com.br\/wp-content\/uploads\/2026\/04\/A-Profecia-que-Falhou-Tiro-Nabucodonosor-e-as-Camadas-Redacionais-em-Ezequiel.png 1536w, https:\/\/verdadesocultasdabiblia.com.br\/wp-content\/uploads\/2026\/04\/A-Profecia-que-Falhou-Tiro-Nabucodonosor-e-as-Camadas-Redacionais-em-Ezequiel-300x200.png 300w, https:\/\/verdadesocultasdabiblia.com.br\/wp-content\/uploads\/2026\/04\/A-Profecia-que-Falhou-Tiro-Nabucodonosor-e-as-Camadas-Redacionais-em-Ezequiel-1024x683.png 1024w, https:\/\/verdadesocultasdabiblia.com.br\/wp-content\/uploads\/2026\/04\/A-Profecia-que-Falhou-Tiro-Nabucodonosor-e-as-Camadas-Redacionais-em-Ezequiel-768x512.png 768w\" sizes=\"(max-width: 1536px) 100vw, 1536px\" \/><\/a><\/figure>\n\n<h5 class=\"has-text-align-center wp-block-post-title\"><a href=\"https:\/\/verdadesocultasdabiblia.com.br\/?p=1279\" target=\"_self\" >A Profecia que Falhou: Tiro, Nabucodonosor e as Camadas Redacionais em Ezequiel<\/a><\/h5>\n\n\n\n<\/div>\n\n<\/li><li class=\"wp-block-post post-1271 post type-post status-publish format-standard has-post-thumbnail hentry category-artigos tag-conselho-divino-na-biblia tag-critica-textual-biblica tag-deuteronomio-328-9 tag-filhos-de-deus-bene-elohim tag-formacao-do-monoteismo-israelita tag-historia-do-texto-biblico tag-manuscritos-do-mar-morto tag-qumran tag-religiao-do-antigo-oriente-proximo tag-septuaginta tag-teologia-do-antigo-israel tag-texto-massoretico\">\n\n<div class=\"wp-block-group is-layout-grid wp-container-core-group-is-layout-72711bf1 wp-block-group-is-layout-grid\" style=\"margin-top:0;margin-bottom:0;padding-top:20px;padding-right:20px;padding-bottom:20px;padding-left:20px\"><figure class=\"wp-block-post-featured-image\"><a href=\"https:\/\/verdadesocultasdabiblia.com.br\/?p=1271\" target=\"_self\"  ><img loading=\"lazy\" decoding=\"async\" width=\"1536\" height=\"1024\" src=\"https:\/\/verdadesocultasdabiblia.com.br\/wp-content\/uploads\/2026\/03\/Isaias-7.14-no-seu-contexto-historico-imediato-uma-analise-critico-dinastica.png\" class=\"attachment-post-thumbnail size-post-thumbnail wp-post-image\" alt=\"Isa\u00edas 7:14 no seu contexto hist\u00f3rico imediato: uma an\u00e1lise cr\u00edtico-din\u00e1stica\" style=\"object-fit:cover;\" srcset=\"https:\/\/verdadesocultasdabiblia.com.br\/wp-content\/uploads\/2026\/03\/Isaias-7.14-no-seu-contexto-historico-imediato-uma-analise-critico-dinastica.png 1536w, https:\/\/verdadesocultasdabiblia.com.br\/wp-content\/uploads\/2026\/03\/Isaias-7.14-no-seu-contexto-historico-imediato-uma-analise-critico-dinastica-300x200.png 300w, https:\/\/verdadesocultasdabiblia.com.br\/wp-content\/uploads\/2026\/03\/Isaias-7.14-no-seu-contexto-historico-imediato-uma-analise-critico-dinastica-1024x683.png 1024w, https:\/\/verdadesocultasdabiblia.com.br\/wp-content\/uploads\/2026\/03\/Isaias-7.14-no-seu-contexto-historico-imediato-uma-analise-critico-dinastica-768x512.png 768w\" sizes=\"(max-width: 1536px) 100vw, 1536px\" \/><\/a><\/figure>\n\n<h5 class=\"has-text-align-center wp-block-post-title\"><a href=\"https:\/\/verdadesocultasdabiblia.com.br\/?p=1271\" target=\"_self\" >Isa\u00edas 7:14 no seu contexto hist\u00f3rico imediato: uma an\u00e1lise cr\u00edtico-din\u00e1stica<\/a><\/h5>\n\n\n\n<\/div>\n\n<\/li><li class=\"wp-block-post post-1263 post type-post status-publish format-standard has-post-thumbnail hentry category-artigos tag-conselho-divino-na-biblia tag-critica-textual-biblica tag-deuteronomio-328-9 tag-filhos-de-deus-bene-elohim tag-formacao-do-monoteismo-israelita tag-historia-do-texto-biblico tag-manuscritos-do-mar-morto tag-qumran tag-religiao-do-antigo-oriente-proximo tag-septuaginta tag-teologia-do-antigo-israel tag-texto-massoretico\">\n\n<div class=\"wp-block-group is-layout-grid wp-container-core-group-is-layout-72711bf1 wp-block-group-is-layout-grid\" style=\"margin-top:0;margin-bottom:0;padding-top:20px;padding-right:20px;padding-bottom:20px;padding-left:20px\"><figure class=\"wp-block-post-featured-image\"><a href=\"https:\/\/verdadesocultasdabiblia.com.br\/?p=1263\" target=\"_self\"  ><img loading=\"lazy\" decoding=\"async\" width=\"1536\" height=\"1024\" src=\"https:\/\/verdadesocultasdabiblia.com.br\/wp-content\/uploads\/2026\/03\/Aparicoes-de-Jesus.png\" class=\"attachment-post-thumbnail size-post-thumbnail wp-post-image\" alt=\"Epifania e Reconhecimento nas Tradi\u00e7\u00f5es do Novo Testamento: Uma An\u00e1lise Hist\u00f3rico-Cr\u00edtica de 1 Cor\u00edntios 15 e Lucas 24:16\" style=\"object-fit:cover;\" srcset=\"https:\/\/verdadesocultasdabiblia.com.br\/wp-content\/uploads\/2026\/03\/Aparicoes-de-Jesus.png 1536w, https:\/\/verdadesocultasdabiblia.com.br\/wp-content\/uploads\/2026\/03\/Aparicoes-de-Jesus-300x200.png 300w, https:\/\/verdadesocultasdabiblia.com.br\/wp-content\/uploads\/2026\/03\/Aparicoes-de-Jesus-1024x683.png 1024w, https:\/\/verdadesocultasdabiblia.com.br\/wp-content\/uploads\/2026\/03\/Aparicoes-de-Jesus-768x512.png 768w\" sizes=\"(max-width: 1536px) 100vw, 1536px\" \/><\/a><\/figure>\n\n<h5 class=\"has-text-align-center wp-block-post-title\"><a href=\"https:\/\/verdadesocultasdabiblia.com.br\/?p=1263\" target=\"_self\" >Epifania e Reconhecimento nas Tradi\u00e7\u00f5es do Novo Testamento: Uma An\u00e1lise Hist\u00f3rico-Cr\u00edtica de 1 Cor\u00edntios 15 e Lucas 24:16<\/a><\/h5>\n\n\n\n<\/div>\n\n<\/li><li class=\"wp-block-post post-1255 post type-post status-publish format-standard has-post-thumbnail hentry category-artigos tag-conselho-divino-na-biblia tag-critica-textual-biblica tag-deuteronomio-328-9 tag-filhos-de-deus-bene-elohim tag-formacao-do-monoteismo-israelita tag-historia-do-texto-biblico tag-manuscritos-do-mar-morto tag-qumran tag-religiao-do-antigo-oriente-proximo tag-septuaginta tag-teologia-do-antigo-israel tag-texto-massoretico\">\n\n<div class=\"wp-block-group is-layout-grid wp-container-core-group-is-layout-72711bf1 wp-block-group-is-layout-grid\" style=\"margin-top:0;margin-bottom:0;padding-top:20px;padding-right:20px;padding-bottom:20px;padding-left:20px\"><figure class=\"wp-block-post-featured-image\"><a href=\"https:\/\/verdadesocultasdabiblia.com.br\/?p=1255\" target=\"_self\"  ><img loading=\"lazy\" decoding=\"async\" width=\"1536\" height=\"1024\" src=\"https:\/\/verdadesocultasdabiblia.com.br\/wp-content\/uploads\/2026\/02\/Jonas-e-Oannes-evidencias-textuais-e-arqueologicas-de-um-arquetipo-mesopotamico.png\" class=\"attachment-post-thumbnail size-post-thumbnail wp-post-image\" alt=\"Jonas e Oannes: evid\u00eancias textuais e arqueol\u00f3gicas de um arqu\u00e9tipo mesopot\u00e2mico\" style=\"object-fit:cover;\" srcset=\"https:\/\/verdadesocultasdabiblia.com.br\/wp-content\/uploads\/2026\/02\/Jonas-e-Oannes-evidencias-textuais-e-arqueologicas-de-um-arquetipo-mesopotamico.png 1536w, https:\/\/verdadesocultasdabiblia.com.br\/wp-content\/uploads\/2026\/02\/Jonas-e-Oannes-evidencias-textuais-e-arqueologicas-de-um-arquetipo-mesopotamico-300x200.png 300w, https:\/\/verdadesocultasdabiblia.com.br\/wp-content\/uploads\/2026\/02\/Jonas-e-Oannes-evidencias-textuais-e-arqueologicas-de-um-arquetipo-mesopotamico-1024x683.png 1024w, https:\/\/verdadesocultasdabiblia.com.br\/wp-content\/uploads\/2026\/02\/Jonas-e-Oannes-evidencias-textuais-e-arqueologicas-de-um-arquetipo-mesopotamico-768x512.png 768w\" sizes=\"(max-width: 1536px) 100vw, 1536px\" \/><\/a><\/figure>\n\n<h5 class=\"has-text-align-center wp-block-post-title\"><a href=\"https:\/\/verdadesocultasdabiblia.com.br\/?p=1255\" target=\"_self\" >Jonas e Oannes: evid\u00eancias textuais e arqueol\u00f3gicas de um arqu\u00e9tipo mesopot\u00e2mico<\/a><\/h5>\n\n\n\n<\/div>\n\n<\/li><li class=\"wp-block-post post-1233 post type-post status-publish format-standard has-post-thumbnail hentry category-artigos tag-conselho-divino-na-biblia tag-critica-textual-biblica tag-deuteronomio-328-9 tag-filhos-de-deus-bene-elohim tag-formacao-do-monoteismo-israelita tag-historia-do-texto-biblico tag-manuscritos-do-mar-morto tag-qumran tag-religiao-do-antigo-oriente-proximo tag-septuaginta tag-teologia-do-antigo-israel tag-texto-massoretico\">\n\n<div class=\"wp-block-group is-layout-grid wp-container-core-group-is-layout-72711bf1 wp-block-group-is-layout-grid\" style=\"margin-top:0;margin-bottom:0;padding-top:20px;padding-right:20px;padding-bottom:20px;padding-left:20px\"><figure class=\"wp-block-post-featured-image\"><a href=\"https:\/\/verdadesocultasdabiblia.com.br\/?p=1233\" target=\"_self\"  ><img loading=\"lazy\" decoding=\"async\" width=\"1536\" height=\"1024\" src=\"https:\/\/verdadesocultasdabiblia.com.br\/wp-content\/uploads\/2026\/02\/O-segredo-dos-Macabeus.png\" class=\"attachment-post-thumbnail size-post-thumbnail wp-post-image\" alt=\"Os Livros dos Macabeus e a Forma\u00e7\u00e3o do Imagin\u00e1rio Teol\u00f3gico do Novo Testamento\" style=\"object-fit:cover;\" srcset=\"https:\/\/verdadesocultasdabiblia.com.br\/wp-content\/uploads\/2026\/02\/O-segredo-dos-Macabeus.png 1536w, https:\/\/verdadesocultasdabiblia.com.br\/wp-content\/uploads\/2026\/02\/O-segredo-dos-Macabeus-300x200.png 300w, https:\/\/verdadesocultasdabiblia.com.br\/wp-content\/uploads\/2026\/02\/O-segredo-dos-Macabeus-1024x683.png 1024w, https:\/\/verdadesocultasdabiblia.com.br\/wp-content\/uploads\/2026\/02\/O-segredo-dos-Macabeus-768x512.png 768w\" sizes=\"(max-width: 1536px) 100vw, 1536px\" \/><\/a><\/figure>\n\n<h5 class=\"has-text-align-center wp-block-post-title\"><a href=\"https:\/\/verdadesocultasdabiblia.com.br\/?p=1233\" target=\"_self\" >Os Livros dos Macabeus e a Forma\u00e7\u00e3o do Imagin\u00e1rio Teol\u00f3gico do Novo Testamento<\/a><\/h5>\n\n\n\n<\/div>\n\n<\/li><li class=\"wp-block-post post-1124 post type-post status-publish format-standard has-post-thumbnail hentry category-artigos tag-conselho-divino-na-biblia tag-critica-textual-biblica tag-deuteronomio-328-9 tag-filhos-de-deus-bene-elohim tag-formacao-do-monoteismo-israelita tag-historia-do-texto-biblico tag-manuscritos-do-mar-morto tag-qumran tag-religiao-do-antigo-oriente-proximo tag-septuaginta tag-teologia-do-antigo-israel tag-texto-massoretico\">\n\n<div class=\"wp-block-group is-layout-grid wp-container-core-group-is-layout-72711bf1 wp-block-group-is-layout-grid\" style=\"margin-top:0;margin-bottom:0;padding-top:20px;padding-right:20px;padding-bottom:20px;padding-left:20px\"><figure class=\"wp-block-post-featured-image\"><a href=\"https:\/\/verdadesocultasdabiblia.com.br\/?p=1124\" target=\"_self\"  ><img loading=\"lazy\" decoding=\"async\" width=\"1536\" height=\"1024\" src=\"https:\/\/verdadesocultasdabiblia.com.br\/wp-content\/uploads\/2026\/01\/Deuteronomio-328\u20139-em-Qumran-a-variante-filhos-de-Deus-e-a-refutacao-do-uso-apologetico-do-Texto-Massoretico.png\" class=\"attachment-post-thumbnail size-post-thumbnail wp-post-image\" alt=\"Deuteron\u00f4mio 32:8\u20139 em Qumran: A variante \u201cfilhos de Deus\u201d e a refuta\u00e7\u00e3o do uso apolog\u00e9tico do Texto Massor\u00e9tico\" style=\"object-fit:cover;\" srcset=\"https:\/\/verdadesocultasdabiblia.com.br\/wp-content\/uploads\/2026\/01\/Deuteronomio-328\u20139-em-Qumran-a-variante-filhos-de-Deus-e-a-refutacao-do-uso-apologetico-do-Texto-Massoretico.png 1536w, https:\/\/verdadesocultasdabiblia.com.br\/wp-content\/uploads\/2026\/01\/Deuteronomio-328\u20139-em-Qumran-a-variante-filhos-de-Deus-e-a-refutacao-do-uso-apologetico-do-Texto-Massoretico-300x200.png 300w, https:\/\/verdadesocultasdabiblia.com.br\/wp-content\/uploads\/2026\/01\/Deuteronomio-328\u20139-em-Qumran-a-variante-filhos-de-Deus-e-a-refutacao-do-uso-apologetico-do-Texto-Massoretico-1024x683.png 1024w, https:\/\/verdadesocultasdabiblia.com.br\/wp-content\/uploads\/2026\/01\/Deuteronomio-328\u20139-em-Qumran-a-variante-filhos-de-Deus-e-a-refutacao-do-uso-apologetico-do-Texto-Massoretico-768x512.png 768w\" sizes=\"(max-width: 1536px) 100vw, 1536px\" \/><\/a><\/figure>\n\n<h5 class=\"has-text-align-center wp-block-post-title\"><a href=\"https:\/\/verdadesocultasdabiblia.com.br\/?p=1124\" target=\"_self\" >Deuteron\u00f4mio 32:8\u20139 em Qumran: A variante \u201cfilhos de Deus\u201d e a refuta\u00e7\u00e3o do uso apolog\u00e9tico do Texto Massor\u00e9tico<\/a><\/h5>\n\n\n\n<\/div>\n\n<\/li><li class=\"wp-block-post post-1115 post type-post status-publish format-standard has-post-thumbnail hentry category-artigos tag-conselho-divino tag-critica-textual-biblica tag-deuses-que-morrem-na-mitologia-antiga tag-el-e-os-deuses-cananeus tag-evolucao-do-monoteismo-israelita tag-literatura-ugaritica tag-mitologia-cananeia tag-paralelos-entre-ugarit-e-biblia tag-politeismo-no-antigo-oriente-proximo tag-religiao-do-antigo-israel tag-salmo-82 tag-teologia-do-antigo-testamento tag-textos-de-ugarit tag-yahweh-e-o-conselho-dos-deuses\">\n\n<div class=\"wp-block-group is-layout-grid wp-container-core-group-is-layout-72711bf1 wp-block-group-is-layout-grid\" style=\"margin-top:0;margin-bottom:0;padding-top:20px;padding-right:20px;padding-bottom:20px;padding-left:20px\"><figure class=\"wp-block-post-featured-image\"><a href=\"https:\/\/verdadesocultasdabiblia.com.br\/?p=1115\" target=\"_self\"  ><img loading=\"lazy\" decoding=\"async\" width=\"1536\" height=\"1024\" src=\"https:\/\/verdadesocultasdabiblia.com.br\/wp-content\/uploads\/2026\/02\/As-Tradicoes-de-Ugarit-no-Salmo-82-Os-Deuses-que-Morrem.png\" class=\"attachment-post-thumbnail size-post-thumbnail wp-post-image\" alt=\"As Tradi\u00e7\u00f5es de Ugarit no Salmo 82 &#8211; Os Deuses que Morrem\" style=\"object-fit:cover;\" srcset=\"https:\/\/verdadesocultasdabiblia.com.br\/wp-content\/uploads\/2026\/02\/As-Tradicoes-de-Ugarit-no-Salmo-82-Os-Deuses-que-Morrem.png 1536w, https:\/\/verdadesocultasdabiblia.com.br\/wp-content\/uploads\/2026\/02\/As-Tradicoes-de-Ugarit-no-Salmo-82-Os-Deuses-que-Morrem-300x200.png 300w, https:\/\/verdadesocultasdabiblia.com.br\/wp-content\/uploads\/2026\/02\/As-Tradicoes-de-Ugarit-no-Salmo-82-Os-Deuses-que-Morrem-1024x683.png 1024w, https:\/\/verdadesocultasdabiblia.com.br\/wp-content\/uploads\/2026\/02\/As-Tradicoes-de-Ugarit-no-Salmo-82-Os-Deuses-que-Morrem-768x512.png 768w\" sizes=\"(max-width: 1536px) 100vw, 1536px\" \/><\/a><\/figure>\n\n<h5 class=\"has-text-align-center wp-block-post-title\"><a href=\"https:\/\/verdadesocultasdabiblia.com.br\/?p=1115\" target=\"_self\" >As Tradi\u00e7\u00f5es de Ugarit no Salmo 82 &#8211; Os Deuses que Morrem<\/a><\/h5>\n\n\n\n<\/div>\n\n<\/li><li class=\"wp-block-post post-1088 post type-post status-publish format-standard has-post-thumbnail hentry category-artigos tag-baal-deus-da-tempestade tag-deuses-da-tempestade-no-antigo-oriente-proximo tag-mitologia-cananeia tag-monte-zafon tag-origem-cananeia-de-yahweh tag-paralelos-entre-yahweh-e-baal tag-religiao-do-antigo-israel tag-sincretismo-religioso-em-israel tag-teofania-nas-nuvens tag-teologia-do-antigo-testamento tag-textos-de-ugarit tag-yahweh-deus-das-nuvens tag-yahweh-e-baal tag-yahwismo-primitivo\">\n\n<div class=\"wp-block-group is-layout-grid wp-container-core-group-is-layout-72711bf1 wp-block-group-is-layout-grid\" style=\"margin-top:0;margin-bottom:0;padding-top:20px;padding-right:20px;padding-bottom:20px;padding-left:20px\"><figure class=\"wp-block-post-featured-image\"><a href=\"https:\/\/verdadesocultasdabiblia.com.br\/?p=1088\" target=\"_self\"  ><img loading=\"lazy\" decoding=\"async\" width=\"1536\" height=\"1024\" src=\"https:\/\/verdadesocultasdabiblia.com.br\/wp-content\/uploads\/2026\/02\/Yahweh-O-Deus-das-Nuvens-e-dos-Montes-assim-como-Baal.png\" class=\"attachment-post-thumbnail size-post-thumbnail wp-post-image\" alt=\"Yahweh, O Deus das Nuvens e dos Montes, assim como Baal\" style=\"object-fit:cover;\" srcset=\"https:\/\/verdadesocultasdabiblia.com.br\/wp-content\/uploads\/2026\/02\/Yahweh-O-Deus-das-Nuvens-e-dos-Montes-assim-como-Baal.png 1536w, https:\/\/verdadesocultasdabiblia.com.br\/wp-content\/uploads\/2026\/02\/Yahweh-O-Deus-das-Nuvens-e-dos-Montes-assim-como-Baal-300x200.png 300w, https:\/\/verdadesocultasdabiblia.com.br\/wp-content\/uploads\/2026\/02\/Yahweh-O-Deus-das-Nuvens-e-dos-Montes-assim-como-Baal-1024x683.png 1024w, https:\/\/verdadesocultasdabiblia.com.br\/wp-content\/uploads\/2026\/02\/Yahweh-O-Deus-das-Nuvens-e-dos-Montes-assim-como-Baal-768x512.png 768w\" sizes=\"(max-width: 1536px) 100vw, 1536px\" \/><\/a><\/figure>\n\n<h5 class=\"has-text-align-center wp-block-post-title\"><a href=\"https:\/\/verdadesocultasdabiblia.com.br\/?p=1088\" target=\"_self\" >Yahweh, O Deus das Nuvens e dos Montes, assim como Baal<\/a><\/h5>\n\n\n\n<\/div>\n\n<\/li><\/ul>\n\n<nav style=\"color:#420808;\" class=\"has-link-color wp-elements-8fa4d9157485fe16a5d35428eed75428 wp-block-query-pagination has-text-color has-large-font-size is-content-justification-center is-layout-flex wp-container-core-query-pagination-is-layout-a89b3969 wp-block-query-pagination-is-layout-flex\" aria-label=\"Pagina\u00e7\u00e3o\">\n\n\n<div class=\"wp-block-query-pagination-numbers\"><span aria-current=\"page\" class=\"page-numbers current\">1<\/span>\n<a class=\"page-numbers\" href=\"?query-23-page=2&#038;rest_route=%2Fwp%2Fv2%2Fpages%2F615\">2<\/a>\n<a class=\"page-numbers\" href=\"?query-23-page=3&#038;rest_route=%2Fwp%2Fv2%2Fpages%2F615\">3<\/a><\/div>\n\n<a href=\"\/index.php?rest_route=%2Fwp%2Fv2%2Fpages%2F615&#038;query-23-page=2\" class=\"wp-block-query-pagination-next\">Pr\u00f3xima p\u00e1gina<span class='wp-block-query-pagination-next-arrow is-arrow-chevron' aria-hidden='true'>\u00bb<\/span><\/a>\n<\/nav><\/div>\n","protected":false},"excerpt":{"rendered":"","protected":false},"author":2,"featured_media":0,"parent":0,"menu_order":0,"comment_status":"closed","ping_status":"closed","template":"kubio-page-with-right-sidebar","meta":{"saved_in_kubio":true,"footnotes":""},"class_list":["post-615","page","type-page","status-publish","hentry"],"blocksy_meta":[],"kubio_ai_page_context":{"short_desc":"","purpose":"general"},"_links":{"self":[{"href":"https:\/\/verdadesocultasdabiblia.com.br\/index.php?rest_route=\/wp\/v2\/pages\/615","targetHints":{"allow":["GET"]}}],"collection":[{"href":"https:\/\/verdadesocultasdabiblia.com.br\/index.php?rest_route=\/wp\/v2\/pages"}],"about":[{"href":"https:\/\/verdadesocultasdabiblia.com.br\/index.php?rest_route=\/wp\/v2\/types\/page"}],"author":[{"embeddable":true,"href":"https:\/\/verdadesocultasdabiblia.com.br\/index.php?rest_route=\/wp\/v2\/users\/2"}],"replies":[{"embeddable":true,"href":"https:\/\/verdadesocultasdabiblia.com.br\/index.php?rest_route=%2Fwp%2Fv2%2Fcomments&post=615"}],"version-history":[{"count":28,"href":"https:\/\/verdadesocultasdabiblia.com.br\/index.php?rest_route=\/wp\/v2\/pages\/615\/revisions"}],"predecessor-version":[{"id":1147,"href":"https:\/\/verdadesocultasdabiblia.com.br\/index.php?rest_route=\/wp\/v2\/pages\/615\/revisions\/1147"}],"wp:attachment":[{"href":"https:\/\/verdadesocultasdabiblia.com.br\/index.php?rest_route=%2Fwp%2Fv2%2Fmedia&parent=615"}],"curies":[{"name":"wp","href":"https:\/\/api.w.org\/{rel}","templated":true}]}}